divided by z(-3).
16
Suppose 0 = -5*u - 0*u - 10, 5*u = -4*x + 54. What is the remainder when x is divided by 6?
4
What is the remainder when (12/(-4))/3 + 22 is divided by (-1 - 3)*6/(-4)?
3
Suppose 16 = -2*a - 5*l, 4*a - 3*l + 4*l = -14. Calculate the remainder when (-1)/2 - (-30)/4 is divided by (-14)/(-4) - a/6.
3
Let l be (2/5)/((-1)/55). Let k = l + 48. What is the remainder when k is divided by 9?
8
Suppose -5*a + 6 = 1. Suppose -3*y + a = 5*d, 3*d + 2*d + y + 3 = 0. What is the remainder when 8 is divided by d/(-2)*6 + 0?
2
Let n(d) = d - 5. Let m be n(7). What is the remainder when 7 is divided by (1 - m)/1*-3?
1
Let g be 15 + 1 - 4/2. Suppose -6 - g = -4*b. Calculate the remainder when -1*(3 - 2) - -14 is divided by b.
3
Let h = 22 + 14. Calculate the remainder when 26 is divided by (-17)/(-2) - h/24.
5
Let h(f) = -f**2 + 13*f + 33. What is the remainder when h(13) is divided by 18?
15
What is the remainder when (21 + 51)*1/(2/2) is divided by 19?
15
Let b(l) = l**2 - 3*l - 2. Let h be b(4). Suppose -o = h*o - 12. Suppose 67 = o*p - 61. Calculate the remainder when p is divided by 17.
15
Let d(f) = -f**3 - 13*f**2 + 28. Calculate the remainder when d(-13) is divided by 10.
8
Let y be (-2)/1*75/(-2). Let l = -13 + y. Suppose -3*j - l = -5*r, 5*r + 4*j + j - 70 = 0. Calculate the remainder when 24 is divided by r.
11
Suppose s + 35 = 6*s. What is the remainder when 10 is divided by s?
3
What is the remainder when ((-27)/4 + 0)*-4 is divided by 9/6*(-28)/(-6)?
6
Let a(f) = 4*f + 25. What is the remainder when a(16) is divided by 45?
44
Let p(w) = w**3 - 12*w**2 + 6*w + 18. Calculate the remainder when p(12) is divided by 19.
14
Let j(s) = -s**3 - s + 1. Let o be j(0). Let h = 0 - o. What is the remainder when 15 is divided by 7 - (0 + h)/1?
7
Suppose 5*z - 6 = o, 2*o + 2*z - 8 = o. Let n = o - 2. Calculate the remainder when 4 is divided by n.
0
Let n(i) = 13*i - 1. Let k(q) = q**2 + 3*q + 3. Let p be k(-2). What is the remainder when (70 + -3 - -1)/2 is divided by n(p)?
10
Let s = 14 + -3. Calculate the remainder when s is divided by (-43)/(-7) + (-14)/98.
5
Let b = -6 + 11. What is the remainder when 24 is divided by b?
4
Suppose 22 = k - 19. Calculate the remainder when k is divided by 21.
20
Let f = 10 + -8. Suppose 8 = -f*t, 0 + 10 = -x - 5*t. Calculate the remainder when 28 is divided by x.
8
Suppose 15 = -5*z - 0*z. Let c(s) = -2*s**3 - 3*s**2 - 3*s + 2. Let f(j) = -j**2 + 8*j + 1. What is the remainder when c(z) is divided by f(6)?
12
Suppose -3*i = 2*i - 45. Let t = i - -2. What is the remainder when t is divided by 6?
5
Suppose 9 = 3*c + 3*q, 4*q + 0*q = -2*c + 10. Calculate the remainder when 1 + (-1)/c + 41 is divided by 11.
8
Suppose 0*k = -k + 2. Suppose 0 = -5*z - 7 + 22. What is the remainder when z is divided by k?
1
What is the remainder when (-4)/(32/(-36))*10 is divided by 24?
21
Suppose -10 = 5*o, -3*a + 2*o + 8 = o. Suppose 1 = a*j - 5. Calculate the remainder when 7 is divided by j.
1
Let n(w) be the first derivative of w**4/4 - w**3/3 - 2*w + 7. Suppose 2*h + 3*b - 1 = -2*b, 1 = -b. Calculate the remainder when 47 is divided by n(h).
15
Suppose -3*n = -0*n - 9. Suppose 3*z - 12 = -n. Let o(q) = 5*q**3 - q + 1. Calculate the remainder when o(1) is divided by z.
2
What is the remainder when 17 is divided by 21/2 - (-8)/(-16)?
7
Let l(q) = q + 39. What is the remainder when l(24) is divided by 5?
3
Suppose 11*m = 8*m + 15. Suppose -m*z + 202 = 37. Calculate the remainder when z is divided by 17.
16
Calculate the remainder when (-4)/6 + (-1148)/(-21) is divided by 19.
16
Let g = -135 + 71. Let f = 105 + g. Calculate the remainder when f is divided by 14.
13
Suppose 0 = -5*t + 3 + 12. Let s(x) = x**3 + 4*x**2 - x - 1. What is the remainder when s(-4) is divided by t?
0
Let c(v) = v**3 + 4*v**2 - 7*v - 5. Let f be c(-5). Suppose -16 = 4*x - f*x. Calculate the remainder when 62 is divided by x.
14
What is the remainder when 15 is divided by (90/25)/(2/5)?
6
Let o be 161/(-35) - 4/10. Calculate the remainder when 3 is divided by o/(-3) - 2/(-6).
1
Calculate the remainder when -3*(-5)/(10/6) is divided by 6.
3
Suppose 0 = n + 5*y - 43 + 14, n + 3*y - 23 = 0. Calculate the remainder when 67 is divided by n.
11
Let w(i) = -i + 3. Let u be w(3). Let a = 0 + -1. Calculate the remainder when (2 - a) + u/(-5) is divided by 2.
1
Suppose -2*k - i + 23 + 40 = 0, 81 = 3*k - 3*i. Calculate the remainder when k is divided by 19.
11
Calculate the remainder when 93 is divided by (-550)/(-30) - (-2)/3.
17
Let a(j) = -j**3 + 8*j**2 + 3*j - 20. Calculate the remainder when a(7) is divided by 17.
16
Let v be (-6*1/(-1))/1. Let n be 4 + 1*(-1 + -1). Suppose n*h - 2 = v. What is the remainder when 10 is divided by h?
2
Let d = -78 - -86. What is the remainder when 39 is divided by d?
7
Suppose -5*l + 4*t + 89 = -104, -l + 29 = -4*t. Let q = 5 + -3. Suppose 3*v = m + 3*m - 44, -3*v - q = -m. Calculate the remainder when l is divided by m.
13
Suppose 2*w = 40 + 26. Let p be (1 - (1 - 0))/2. Suppose x + l - 10 = p, -x = -5*l + l - 20. What is the remainder when w is divided by x?
9
Suppose -15 = 3*m, -k - 3*m + 0 = 20. Let f = 2 - k. Let j = 46 - 26. Calculate the remainder when j is divided by f.
6
Let h be ((-15)/9 - -1)*-3. Suppose -3*l + 125 = h*l. Suppose 6*o - 111 = -27. Calculate the remainder when l is divided by o.
11
Let i = 12 + -11. Calculate the remainder when 46 is divided by 13*i + -3 + 2.
10
Let f be ((-40)/6)/(4/(-6)). Let h be ((-116)/(-6))/(f/(-225)). What is the remainder when 2/(-6) + h/(-9) is divided by 17?
14
Let d be (-212)/16 + 2/8. Let b = d - -28. Calculate the remainder when b is divided by 8.
7
What is the remainder when -2*4/((-8)/71) is divided by 24?
23
Let z(i) = 11*i**2 + i. Let l be z(-2). Suppose 2*s - l = 2. What is the remainder when 43 is divided by s?
21
Suppose -d + 4*j = -18, -4*d + 38 = j + 17. Let w be 342/(-8) + 2/(-8). Let f = -26 - w. Calculate the remainder when f is divided by d.
5
Suppose 5 = x - 3*t - 1, -4*x = 5*t - 7. What is the remainder when 7 is divided by x?
1
Suppose -19 = -5*b + 11. Calculate the remainder when 47 is divided by b.
5
Suppose -2 + 14 = -2*s. Let a = s - -3. Let d = 5 + a. Calculate the remainder when 3 is divided by d.
1
Let m(k) = 4*k - 2. Let f be (-64)/6 - (-10)/15. Let s = f + 39. What is the remainder when s is divided by m(3)?
9
Suppose -7 = -3*d - 1. Suppose -2*r + 16 = d. Calculate the remainder when r is divided by 5.
2
Let n = 65 + -49. What is the remainder when 62 is divided by n?
14
Let k(o) = -o**3 - 4*o**2 - 3*o + 5. Let z be k(-5). Suppose -11 = t - 3*u, 5*t + u = -4*u + z. Calculate the remainder when 15 is divided by t.
3
Suppose -q - 33 = -4*q. Calculate the remainder when 1/(-2) - 43/(-2) is divided by q.
10
Suppose -7*i = -5*i - 28. What is the remainder when i is divided by 12/(2*(-6)/(-8))?
6
Suppose 4*g - 80 = -2*s, -s + 2*s - 80 = -4*g. What is the remainder when g is divided by 7?
6
Let b(t) = t**2 + 7*t - 7. Let f = 11 + -19. Let r be b(f). Calculate the remainder when 30 - (3 + 0 - r) is divided by 10.
8
Let k(p) = -p**3 - 5*p**2 + 5*p + 5. Let o be k(-6). Let g = o - -5. Let r(z) = -z + 19. Calculate the remainder when g is divided by r(10).
7
Let z(b) = b + 23. What is the remainder when 273 is divided by z(0)?
20
Let t = 22 - -9. Suppose 3*s = 35 + t. Suppose -g = -4*g + 15, 22 = v + 2*g. What is the remainder when s is divided by v?
10
Suppose 5*w + m - 9 = -1, 0 = -2*w + m + 6. Suppose -16 = w*x - 4*z - 50, 0 = 2*x - 5*z - 36. What is the remainder when 25 is divided by x?
12
Let v(h) = h**3 + 7*h**2 + 1 - 3*h**2 + 0. Calculate the remainder when 17 is divided by v(-2).
8
Suppose 2*q = -2*q + 1860. Suppose -o - q = -6*o. Let g = -52 + o. What is the remainder when g is divided by 14?
13
Let w = 68 - 12. Let q = 81 - w. What is the remainder when q is divided by 9?
7
Let i(o) be the second derivative of -o**3/2 + 2*o. Calculate the remainder when i(-8) is divided by 13.
11
Let u = -12 - -8. Calculate the remainder when 28 is divided by 1 + 0/u + 9.
8
Suppose 0 = -2*q + q + 133. Suppose -3*p + 44 = -q. Calculate the remainder when p is divided by 20.
19
Let f = 0 + 4. Suppose -4*v = -5*a - 108, f*a - 79 = -3*v - 29. What is the remain